14)?
-12
Evaluate 20 + (-2 - 6 - -3) - 5.
10
What is -4 - -18 - 7 - (2 - -3 - 19)?
21
Evaluate -62 + 17 + 30 + 1 + 33.
19
Evaluate -72 + 81 - (-1 - 4).
14
Calculate (7 + 9 + 0 - 5) + -6.
5
Evaluate 12 + 2 + -2 + 13 + -18.
7
2 + -31 - (3 - (17 + -11))
-26
Calculate 9 + -5 + -5 - (-1 - 3 - 0).
3
What is -24 - (-64 + 28 - -21)?
-9
Calculate -4 + 0 - (-3 - -1) - (22 + -27).
3
-4 + (0 + 8 + 7 - -15)
26
What is the value of 27 + -2 + 6 - (-13 + 24 - 5)?
25
Calculate (1 - -4) + (-2 - (-1 - 7)).
11
21 + -3 + -10 + -5
3
What is the value of -9 + 27 - 34 - -20 - -15?
19
(28 - 29) + (8 - 4) - 9
-6
Evaluate (-23 - -6) + (43 - (5 + 6)).
15
Calculate (-6 + (2 - -1) - -5) + 7 + -4.
5
Evaluate (4 - 10) + -6 + (0 + 0 - -2).
-10
What is the value of -9 + 3 - 12 - -22?
4
What is the value of 20 + -42 + 19 + 11?
8
Evaluate -38 + 27 + (5 - -22).
16
What is -1 + 1 - ((-8 - -16) + -13 + -1)?
6
(150 - 163) + (-2 - -27)
12
6 - (-6 + 16 + -6 - -4)
-2
16 - (-13 - 5 - -30)
4
Calculate (1 - 4) + (1211 - 1234 - (-32 - -1)).
5
What is the value of 9 + -6 - (-11 - -68) - -17?
-37
-15 - 1 - ((-5 - 1) + (-32 - -33))
-11
What is -273 + 257 + (4 - -1)?
-11
Calculate (-44 - -33 - -68) + -43.
14
What is -4 + 17 + 18 + -19?
12
Calculate 15 - ((86 - 95) + (-1 - -2)).
23
What is the value of -2 - -19 - (313 + -299)?
3
Evaluate (19 - (-14 + 27)) + 0.
6
Evaluate 0 - -8 - (3 + -3).
8
4 - (6 + -6 + -3 + (2 - 1))
6
Evaluate -19 - (-4 - (-6 - -11)).
-10
What is the value of 54 + -1 + (-86 - -45)?
12
Calculate (1 - 23) + (-156 - -167).
-11
Evaluate (1 - 0) + -4 + (19 - 57 - -41).
0
Calculate 2 + (-17 - -3) + 0 + -6 + 3.
-15
What is 3 + 0 - (4 + (-4 - 3) + 10)?
-4
Calculate (-2 - 5 - -4) + 7.
4
Calculate -7 - (-19 - (-14 + -4)).
-6
What is the value of -4 - ((-24 - -12) + 0)?
8
-2 + -3 - (1 - (-5 + -2 - -4))
-9
What is 10 + (9 - (12 + -6 + 35 + 5))?
-27
What is the value of 17 - ((-15 - -12) + 12)?
8
Calculate -6 + -473 + 469 + 0 + 1 + 18.
9
What is the value of (-2 - (-1 - (-7 + 14 + 0))) + 7?
13
What is the value of 6 - (-11 + (3 - -7) - -4) - 15?
-12
-3 - (-1 + -9) - 17
-10
What is -4 - (-24 + -12 - -26)?
6
Calculate 8 + (1 - 2) + (-57 - (53 - 100)).
-3
(-9 - (-28 - -13)) + -6
0
Evaluate (6 - -1) + -2 + 22.
27
What is the value of 1 + -7 - ((-13 - -39) + -20)?
-12
Calculate -11 + 6 - -29 - (-89 + 104).
9
Evaluate (-7 - -3 - 15) + 4.
-15
Calculate 8 + 8 + -23 + 5 + -2 + 1.
-3
Evaluate 2 - (2 + -2 + (-40 - -47)).
-5
What is (17 + -36 - -5) + 1?
-13
Evaluate -1 + 10 - (13 - 4).
0
What is (-1 - -5) + 6 + 0?
10
What is the value of -2 + (-5 + 8 - 4) - 1?
-4
What is 114 + -101 + -17 + -1?
-5
What is the value of -1 + 50 + -778 + 754?
25
Calculate 57 - 53 - (-6 + 2).
8
Evaluate -16 - ((-13 - -5 - (-2 + -1)) + 8).
-19
(-16 - -4) + (6 - (0 + 3 + -2))
-7
Calculate (-17 - -6) + (18 - 19).
-12
What is -7 - 1 - (-13 + 14 - (-10 - 3))?
-22
What is (-26 - 42 - -25) + 12?
-31
What is the value of 3 - (10 + -8 + -16 - 0)?
17
34 + -36 - (-1 + -7) - -4
10
Evaluate (9 - 26) + (-4 - 8).
-29
What is (-489 - -514) + (2 - 46)?
-19
-26 + 17 + 84 + -35
40
Evaluate -3 + -13 - 0 - -14.
-2
Calculate (6 - 3) + -4 + 1 + -11.
-11
Calculate 0 + (100 + -98 - (-3 + 0)) - -6.
11
What is (1 + 0 - 0) + (835 - 836)?
0
Evaluate (-2 + (6 - -6) - (9 + -4)) + 2.
7
What is 7 + -17 + (8 - 8)?
-10
Calculate -25 + 66 + -35 + 5 + 0.
11
What is (10 - 22) + 4 - (-13 + (-1 - -2))?
4
Calculate (0 - -4) + (-11 + 0 - (-70 - -52)).
11
What is -2 + -1 + -3 - (-15 + -5 + 14)?
0
What is the value of -6 + -1 + -10 + 10 + -6 - 6?
-19
-1 + 13 + (-200 - -176)
-12
Evaluate 5 - -2 - (-3 + 2 + 1 + 2).
5
What is the value of 5 - ((-88 - -92) + (0 - -4))?
-3
Calculate 0 - (0 - (5 + 20)).
25
Evaluate -11 + 8 - (-3 - (-1 - (2 + -5))).
2
What is the value of (-7 - (8 + -28)) + -26?
-13
Calculate 1 - ((-8 - -16) + -12).
5
Calculate 2 + (-2 - -2) + (13 - 27).
-12
1 - -8 - (70 + -57 + -7)
3
What is -10 - (-64 - -44) - (-8 + 0)?
18
What is the value of 16 + (-23 + 6 - -5)?
4
What is the value of 19 - (-9 + 12) - (3 + -2)?
15
What is the value of (0 - 13) + 134 + -100?
21
What is the value of 14 + -15 - -67 - 39?
27
What is the value of (9 - 6) + (-10 - (-5 + -2)) + 10?
10
-8 + -1 - (50 + -62)
3
What is (1 - 2) + -2 + (2 - -7 - 1)?
5
Evaluate -1 + (-6 - (-6 + 0 - (-2 - -17))).
14
What is the value of -16 - (11 - (13 - 7))?
-21
(-1 - (-2 + (12 - 6) - 6)) + 6
7
Evaluate -203 + 215 + (-26 - 1).
-15
1 + 19 + 50 + (-34 - 31)
5
Calculate (-6 - (-20 + 35)) + 5.
-16
Evaluate 148 - 137 - (-4 + 2 + 32).
-19
Calculate (-15 - (-27 - -34)) + 28.
6
What is 7 - 5 - ((6 - 5) + 4 + -5)?
2
81 + -116 - (-2 + -8 + 2)
-27
31 - (15 - 1 - (2 - (15 - 17)))
21
326 + -327 + (0 - (-1 - 11))
11
What is the value of (0 - 3 - 12) + -1 + (3 - -1)?
-12
-14 - (21 + (-26 - 2))
-7
What is the value of 89 + -64 - (1 - -27)?
-3
What is the value of (6 - 1) + -13 - (-1 + -26)?
19
What is the value of 10 + -5 - 16 - (-15 - 3)?
7
Calculate (-2 - 3) + -5 + -8 + 21.
3
Evaluate (12 - (-18 + 46 - 18)) + (2 - 34).
-30
Calculate 51 + -12 + -41 + (-3 - 27).
-32
-25 + (-38 - -21) - -19
-23
Evaluate -23 - (-19 + 41 + -47).
2
Evaluate 1 + -7 - 0 - (-1 - (1 - -12)).
8
What is the value of 4 - (30 + (1 - 50))?
23
Calculate (28 - 16) + -14 - 23.
-25
Calculate -3 + -7 + (-9 - (-4 - -1)) + 4.
-12
Evaluate -2 - (12 - (3 - 2)) - (-9 - -14).
-18
What is -15 - 0 - (-9 - (-12 + 12))?
-6
What is 1 + (-1 + -6 - 1) + 3 + -1?
-5
What is the value of -17 - (-9 + -13 + 10)?
-5
Evaluate -3 + (-14 - -26 - 17).
-8
What is -14 - (-6 - -26) - -66?
32
What is the value of ((-6 - -14) + -6 - -8) + -2 - -8?
16
5 + -9 - 13 - (3 + -1 - 4)
-15
Evaluate (0 - 13) + -18 + (31 - (-13 + 29)).
-16
What is (-2 - (-25 + 4)) + 54 + -99?
-26
What is (-51 - -56) + (-3 - -11) + 9?
22
(-6 - (2 - 10) - (-12 + 22)) + 9
1
-8 + 15 - (10 + (-9 - -5) - 35)
36
What is -6 + (6 - (4 + -18 + 3))?
11
Calculate (5 - 12 - -14 - 4) + 2.
5
What is the value of 0 - (20 + -13 + -19)?
12
7 + 1 - (-7 + 58 + -46)
3
Calculate 0 - 4 - (250 + -256).
2
What is 5 + 74 + -64 + (8 - 2)?
21
What is the value of 4 - (-2 - 6 - -4)?
8
1 + (10 - 2) + -18 - 7
-16
What is the value of -6 + -6 + 28 + (-2 - 3) + 1?
12
Evaluate -4 - -4 - (117 - 126).
9
What is the value of (12 - 0 - (-1 - -13)) + -4 + 12?
8
What is -20 - 5 - (-7 - (-19 - (-3 - 9)))?
-25
Calculate 31 + -40 + 9 + -25.
-25
Evaluate -2 + -1 + 20 + 11.
28
What is 5 - (-29 + 40) - (-5 + 1 + -8)?
6
What is -3 + 2 + 4 + -14?
-11
Calculate (-11 - -40) + -9 + -9.
11
43 + -26 - (2 + 0 + 5)
10
What is the value of 5 - 0 - 5 - 15?
-15
-6 + (-4 - -2) + 6 - (6 + 8)
-16
What is -31 + (-48 - -79) + 18 + 1?
19
What is the value of -4 + (-20 - -18) + 17?
11
What is the value of 25 + (-6 - -14) - (12 - -3)?
18
Calculate (-1 - (4 + 2)) + -61 + 70.
2
Evaluate (1 - 6) + 2 - -5 - (-14 + 14).
2
What is the value of -5 + (-3 + -10 - -16) - -1?
-1
What is -1 + (-2 + 15 + -7 - 4)?
1
Calculate 1 + (4 - 18) - -41 - 8.
20
What is the value of (6 - (-13 - -11)) + -4?
4
Evaluate 0 + 1 - -5 - (-7 - 3 - -1).
15
What is the value of -2 - -3 - (51 - 49) - -2?
1
What is 2 + 0 + (2 - (4 + -3)) - -4?
7
What is 7 + -18 + 15 + -2?
2
Evaluate 25 + (6 + -19 - 27).
-15
-28 - (-14 + (-1 - -7) - -13 - 13)
-20
What is (-3 - 17) + -3 + 3 + 4?
-16
What is the value of -1 - (-5 - (-9 + 5))?
0
What is the value of 0 - -1 - (3 - (14 + -9 + 2))?
5
Evaluate 16 + 3 + 5 - 36.
-12
What is the value of -18 - -31 - (36 + -6)?
-17
What is the value of 40 - 16 - 5 - 17?
2
Calculate 35 + (25 - 50) + (-22 - -1).
-11
What is the value of ((1 - (18 - 11)) + -4 - -3) + 18?
11
-33 - (36 + -27 + -24)
-18
What is -15 - (0 + -9 + 194 + -188)?
-12
What is -13 + -26 + 22 - (0 + 2 - -4)?
-23
-10 + (-14 + 0 - (-32 - -9))
-1
Evaluate -6 + 14 + -17 + (-2 - -2).
-9
Calculate -1 + 2 - (-27 - -20).
8
-131 + 124 - (-1 - -1)
-7
What is the value of (-5 - (-20 - -18)) + -7?
-10
Evaluate 14 + 9 + (14 - 17).
20
What is the value of -12 + 9 + (-15 - -8)?
-10
Evaluate 31 + -38 - (26 + -26 + 0 + -15).
8
What is the value of (31 + -13 + 0 - 20) + 0 + 15?
13
2 + (0 - (-5 - -5 - 3)) + -4
1
Calculate (-12 - 9) + 13 + 17.
9
Evaluate (11 - -2 - ((-11 - -5) + 11)) + -27.
-19
Calculate (-5 - -2 - 4 - -12) + (4 - 5).
4
Evaluate 5 + (1 - (3 + -4)) + 12 + -13.
6
What is 2 - (-7 - -12 - (12 + -1) - -20)?
-12
What